
13
Let o(h) = -h**2 + 2870*h - 423379. Determine o(156).
5
Let k(m) = 3412*m + 27253. What is k(-8)?
-43
Let c(n) = -115265*n - 1613709. Give c(-14).
1
Let s(n) = 9*n**2 + 55*n - 1196. Give s(10).
254
Let w(g) = -g**2 + 251*g - 15314. Give w(147).
-26
Let h(g) = -17*g**2 - 104*g + 4793. Determine h(14).
5
Let j(d) = -5549*d + 42453. What is j(8)?
-1939
Let p(a) = -86*a**2 - 58*a + 98. Calculate p(-6).
-2650
Let w(v) = 622*v + 4973. What is w(-7)?
619
Let c(z) = -2*z**3 - 312*z**2 + 15210*z + 349. Calculate c(-195).
349
Let t(u) = -26553*u - 477940. Give t(-18).
14
Let j(r) = 9*r**2 + 933*r + 15204. What is j(-85)?
924
Let x(c) = c**2 + 20*c - 18. Calculate x(-20).
-18
Let k(t) = 8*t**3 + 112*t**2 - 11*t + 174. What is k(-13)?
1669
Let p(d) = 10*d**3 - 102*d**2 + 25*d - 57. Give p(10).
-7
Let y(h) = h**3 - 361*h**2 - 2944*h - 2950. Determine y(369).
2
Let d(f) = f**2 - 236207*f - 13939684. Give d(-59).
10
Let i(h) = h**3 + 338*h**2 + 19732*h + 1855. Give i(-263).
14
Let r(b) = 1259*b + 132064. What is r(-105)?
-131
Let k(q) = -q**2 - 103*q - 1412. Give k(-48).
1228
Let k(h) = 2*h**2 + 314*h - 35. Determine k(-159).
601
Let g(s) = s**2 - 562*s - 16125. Calculate g(-29).
1014
Let o(z) = 564*z**2 + 423*z - 3. What is o(-1)?
138
Let g(i) = 8651*i - 268346. Determine g(31).
-165
Let q(k) = -k**3 - 16*k**2 - 12*k + 518. Calculate q(-13).
167
Let b(k) = 2*k**3 - 387*k**2 + 12608*k + 34259. Give b(151).
-18
Let f(q) = 10205*q - 122458. Give f(12).
2
Let z(i) = 22*i**3 + 11*i**2 + 1419*i - 1430. Determine z(1).
22
Let q(x) = -6*x**2 + 69*x + 151. What is q(12)?
115
Let a(f) = -470*f + 16858. Determine a(39).
-1472
Let s(m) = m**3 - 9*m**2 - 1079*m + 7668. What is s(7)?
17
Let c(y) = -3*y**2 + 661*y - 4026. Determine c(6).
-168
Let f(p) = p**3 + 1665*p**2 - 3423*p + 174. What is f(2)?
-4
Let y(n) = -17*n**2 + 397*n - 532. Calculate y(22).
-26
Let n(k) = -115*k - 630. Give n(-21).
1785
Let k(z) = 44*z**2 - 903*z + 4635. What is k(10)?
5
Let n(z) = -z**3 - 85*z**2 + 15*z + 1264. Give n(-85).
-11
Let s(b) = b**2 + 162*b - 92097. Determine s(233).
-62
Let k(l) = 41*l**2 + 6635*l - 907. Calculate k(-162).
227
Let i(x) = x**2 + 7596*x - 183015. Calculate i(24).
-135
Let q(l) = -8*l**2 - 73*l + 703. What is q(-15)?
-2
Let p(s) = -s**2 + 102*s - 2221. Calculate p(67).
124
Let d(v) = -96*v**2 + 3350*v - 48. Give d(35).
-398
Let o(x) = 2*x**3 + 37*x**2 - 85*x + 80. Determine o(-21).
-340
Let m(t) = -2*t**3 - 29*t**2 + 1160*t + 17782. Determine m(-16).
-10
Let z(h) = -14710*h - 603112. Calculate z(-41).
-2
Let n(l) = 2*l**2 - 30*l - 34089. What is n(-123)?
-141
Let r(o) = -2*o**3 + 143*o**2 - 1071*o + 60. Give r(63).
60
Let g(z) = -767*z + 41136. Give g(46).
5854
Let h(p) = 49347*p - 2664733. Give h(54).
5
Let t(o) = -o**3 - 108*o**2 - 1228*o - 7299. Determine t(-96).
-3
Let g(a) = -3*a**3 + 33*a**2 + 4332*a - 804. Determine g(-33).
-12
Let a(u) = -2781*u - 113987. What is a(-41)?
34
Let i(p) = 36217*p + 6953667. Calculate i(-192).
3
Let x(b) = b**3 + 83*b**2 - 259*b - 80. Calculate x(-86).
6
Let p(r) = -r**3 - 60*r**2 + 1279*r - 1028. Determine p(16).
-20
Let k(c) = 6*c**3 - 1235*c**2 - 252*c + 10251. Calculate k(206).
775
Let n(p) = -8*p**2 - 284*p - 123. What is n(-35)?
17
Let u(h) = -2*h**2 + 3344*h - 43191. Give u(13).
-57
Let a(i) = 13*i**2 + 847*i + 4635. What is a(-6)?
21
Let c(f) = -f**3 - f**2 - 245*f + 6382. What is c(14)?
12
Let j(d) = 3443*d - 665040. Calculate j(193).
-541
Let n(i) = -4261*i + 117. What is n(0)?
117
Let a(o) = 402*o**3 - 55*o**2 + 5*o + 3. Determine a(2).
3009
Let f(s) = -886*s - 23027. Give f(-26).
9
Let x(y) = -y**2 - 7171*y - 46. Give x(0).
-46
Let g(w) = 166*w + 10210. What is g(-62)?
-82
Let a(k) = 2*k**3 - 284*k**2 + 9759*k - 821. What is a(58)?
49
Let c(u) = -413*u**2 + 77209*u + 4083. Calculate c(187).
-31
Let m(n) = -2*n**3 + 20*n**2 - 33*n + 467. What is m(11)?
-138
Let l(z) = 958200*z + 3832814. Give l(-4).
14
Let f(a) = a**2 - 9869*a - 247336. Give f(-25).
14
Let q(y) = -6*y**2 - 180*y - 90. Give q(-29).
84
Let u(n) = -13047*n - 156667. Determine u(-12).
-103
Let r(b) = 875*b - 3666. Give r(5).
709
Let h(l) = -2*l**2 + 2392*l - 74539. What is h(32)?
-43
Let p(x) = -x**3 - 15*x**2 - 9332*x - 130454. Calculate p(-14).
-2
Let t(s) = 2*s**2 + 208*s + 4999. What is t(-55)?
-391
Let x(b) = 199*b - 26056. Calculate x(130).
-186
Let l(n) = 3*n**3 + 52*n**2 + 870*n + 6455. Give l(-10).
-45
Let o(d) = 21*d**2 + 61*d - 39. What is o(-5)?
181
Let c(p) = p**2 - 368*p - 10740. What is c(-27)?
-75
Let u(o) = 36*o**2 - 683*o - 3433. Calculate u(-5).
882
Let c(i) = -3*i**2 - 152*i + 7023. Determine c(-80).
-17
Let d(g) = g**2 - 52*g - 233. Calculate d(-5).
52
Let x(z) = 2*z**2 + 142*z - 20201. Give x(71).
-37
Let g(k) = 909*k + 24. Determine g(1).
933
Let v(s) = 227640*s - 1821093. Calculate v(8).
27
Let n(b) = -14*b**2 - 18405*b - 110403. Calculate n(-6).
-477
Let n(x) = 15496*x + 62108. What is n(-4)?
124
Let s(y) = -2*y**3 - 101*y**2 + 381*y + 160. Determine s(-54).
-2
Let t(k) = -14459*k + 52267. What is t(4)?
-5569
Let r(o) = -o**2 - 519*o + 2588. Calculate r(5).
-32
Let n(l) = 1496*l + 144295. What is n(-96)?
679
Let m(v) = 142*v - 3539. What is m(23)?
-273
Let q(p) = -545*p - 27375. What is q(-50)?
-125
Let f(w) = w**3 + 15*w**2 + 725*w + 8649. What is f(-12)?
381
Let c(z) = -3*z**2 + 3706*z - 94343. Calculate c(26).
-15
Let p(a) = a**3 + 15*a**2 - 577*a + 1032. Give p(-34).
-1314
Let r(p) = 13242*p + 63292. Give r(-5).
-2918
Let b(k) = -56*k - 3536. Give b(-63).
-8
Let c(b) = 5*b**2 - 330*b - 41599. Give c(130).
1
Let z(v) = 3*v**3 - 461*v**2 + 6565*v + 645. Calculate z(16).
-43
Let z(p) = 12*p**2 + 405*p + 514. What is z(-31)?
-509
Let f(t) = -131*t**2 - 4459*t - 142. Determine f(-34).
28
Let i(f) = -56*f**2 + 433*f - 647. Calculate i(2).
-5
Let c(k) = -k**3 + 4*k**2 + 521*k + 2. Determine c(25).
-98
Let a(n) = 3*n**2 + 162*n - 2646. Determine a(13).
-33
Let i(b) = -2*b**3 + 960*b**2 + 9798*b + 980. What is i(490)?
0
Let c(s) = s**3 + 2*s**2 + 4774*s - 19189. Give c(4).
3
Let o(x) = 2*x**2 + 4551*x + 218196. Give o(-49).
-1
Let z(l) = -13*l**2 + 858*l - 10406. What is z(16)?
-6
Let d(w) = w**3 + 17*w**2 - 87*w - 1657. Calculate d(-16).
-9
Let g(c) = -2*c**3 - 72*c**2 + 17357*c - 5083. Calculate g(-113).
2
Let v(f) = -f**2 + 120*f - 87. Give v(34).
2837
Let i(q) = 23*q**2 + 8*q - 42. What is i(8)?
1494
Let t(y) = -7292*y - 1771947. Determine t(-243).
9
Let i(s) = 547*s + 33404. Determine i(-61).
37
Let j(w) = -5402*w - 43210. Calculate j(-8).
6
Let n(m) = 10117*m + 667700. Determine n(-66).
-22
Let l(p) = -50149*p - 8124134. Give l(-162).
4
Let x(z) = 11641*z - 453953. Give x(39).
46
Let y(g) = 4*g**2 - 817*g + 12921. Give y(187).
18
Let u(x) = 160*x**2 + 4484*x + 37. What is u(-28)?
-75
Let b(y) = y**3 - 71*y**2 + 1174*y - 16. What is b(27)?
-394
Let s(h) = -16*h**3 - 176*h**2 + 20*h - 13. Calculate s(-11).
-233
Let m(v) = -9*v**2 + 1601*v - 1141. Determine m(176).
1851
Let m(q) = -53584*q - 107153. Determine m(-2).
15
Let l(t) = 551*t**3 + 11570*t**2 - 26*t - 51. Determine l(-21).
54
Let u(m) = 183*m**2 + 6671*m - 10750. Calculate u(-38).
4
Let a(o) = 30*o**2 + 433*o + 177. What is a(-14)?
-5
Let l(x) = -923*x - 23090. Give l(-25).
-15
Let s(m) = 1047*m + 90025. What is s(-86)?
-17
Let f(a) = a**3 + 79*a**2 + 135*a - 1448. Calculate f(-77).
15
Let w(r) = 126705*r + 126720. Give w(-1).
15
Let w(p) = -15*p**2 - 796*p - 1514. Give w(-51).
67
Let l(h) = -10*h**2 + 508*h - 4307. Determine l(40).
13
Let j(w) = w**3 - 33*w**2 + 77*w + 3450. Give j(17).
135
Let h(v) = -v**2 + 178*v - 1083. Give h(170).
277
Let x(n) = -11220*n + 157030. Calculate x(14).
-50
Let s(q) = 936*q**2 + 7496*q + 19. Calculate s(-8).
-45
Let d(r) = -586*r - 47205. Calculate d(-81).
261
Let z(l) = 1783*l - 811216. Determine z(455).
49
Let a(m) = 2*m**3 - 19*m**2 - 443*m + 1943. Determine a(4).
-5
Let q(b) = -4*b**2 + 361*b - 4887. Give q(17).
94
Let c(f) = -1302*f + 44252. Determine c(34).
-16
Let x(a) = 45*a**2 - 3121*a + 40026. Calculate x(17).
-26
Let z(q) = q**3 + 473*q**2 + 11192*q - 108. Calculate z(-25).
92
Let v(d) = -3*d**3 - 40*d**2 - 94*d + 44. What is v(-4)?
-28
Let a(k) = 4*k**2 - 2433*k + 30952. Determine a(13).
-1
Let q(c) = -2*c**3 + 65*c**2 +